n + 706 + 458 = 0. List the prime factors of n.
2, 3, 97
Suppose 6*x = t + 8*x - 70, x = 2*t - 120. List the prime factors of t.
2, 31
Let m = 3 - -13. Suppose m = 2*c - 32. List the prime factors of c.
2, 3
Let o(z) = 4*z + 1. Let c be o(1). Suppose -30*d = -14*d - 48. Suppose 2*w - 44 = -5*q + w, -32 = -d*q + c*w. What are the prime factors of q?
3
Let o be (-84)/(-35) - 2/5. Suppose 2 = o*q - 8. List the prime factors of 121/q - 2/10.
2, 3
Suppose 7232 = 34*j - 29386. What are the prime factors of j?
3, 359
Let h = -75 - -2341. List the prime factors of h.
2, 11, 103
Suppose -225*j = -240*j + 12600. What are the prime factors of j?
2, 3, 5, 7
Let n = 15 - 1. Let b = n + -12. What are the prime factors of 13 + (b - (0 - 0))?
3, 5
Suppose 3*x = -2*x + 19940. List the prime factors of x.
2, 997
Suppose -4 = -5*r + 6*r. Let x be r/(-6) + 112/12. Suppose 10*b = 5*b + x. What are the prime factors of b?
2
Let v(g) = g**3 - 5*g**2 - 5*g - 6. Suppose 0 = 4*x - 16 + 8. Suppose -5*l + 0 + 2 = z, 2*z + x*l - 12 = 0. List the prime factors of v(z).
3, 19
Let d = 999 - 714. List the prime factors of d.
3, 5, 19
Let d(x) = -x**2 + 25*x + 32. Let g be d(18). Let m(t) = t - 5. Let q be m(7). Suppose z + 4 = 0, 7*z + g = 3*k + q*z. List the prime factors of k.
2, 23
Let p = -91 + 103. Suppose -p*u = -2*u - 1500. What are the prime factors of u?
2, 3, 5
Let x = -4266 - -8944. What are the prime factors of x?
2, 2339
Let v(p) = 3*p**3 - p**2 - 7*p + 20. List the prime factors of v(5).
5, 67
Let s be ((0/4)/(1 + 0))/(-2). Suppose 4*r - 94 = 2*d, s = -2*d - 2 - 4. List the prime factors of r.
2, 11
Let a(b) = -2*b**3 + b**2 - 2*b. Let v be a(-4). Suppose 7*o - v = 3*o. What are the prime factors of o?
2, 19
Suppose -7*f + f + 1062 = 0. Let l = f - 126. What are the prime factors of l?
3, 17
Suppose -4*t = 12*t - 352. Let z = 12 - 7. Suppose -k - z*q = -t, -66 = -3*k + 2*q + 3*q. What are the prime factors of k?
2, 11
What are the prime factors of 316/(-395) - (-2379)/5?
5, 19
Let d(w) be the first derivative of w**2/2 + 32*w - 18. What are the prime factors of d(25)?
3, 19
Suppose -3*a + 4875 = 2*m, 5*m - 8409 = -3*a - 3543. What are the prime factors of a?
1627
Suppose 0 = -7*n + 1186 + 935. What are the prime factors of n?
3, 101
Let i be ((-4)/(-5))/(27/5 + -5). Suppose 5*k + 60 = 3*p, k + 21 + 26 = i*p. What are the prime factors of p?
5
Let f be (-69)/(-4) + (-1)/4. Let b = f + -28. List the prime factors of 12 + -9 - b*1.
2, 7
Suppose 5*b - 794 = 2*j, -2*b - 4*j - 63 = -371. Suppose 2*p + c + 311 = 2*c, 0 = -p + c - b. What are the prime factors of p/(-6) - 2/(-4)?
2, 13
Let i be (-7 + 3)*(-1)/2. Suppose 3*x + 0*z = i*z - 75, 50 = -2*x + 2*z. Let k = 63 + x. List the prime factors of k.
2, 19
Let w be (-8)/3*(-54)/24. Suppose 0 = 2*d - p - 5, 2*p - 4*p = -3*d + w. Suppose -8*t = -d*t - 88. List the prime factors of t.
2, 11
Suppose 1733 = 6*u - 289. List the prime factors of u.
337
Let v be 21/6 - (-18)/12. Suppose v*g - 12*g + 2058 = 0. What are the prime factors of g?
2, 3, 7
Let d(c) = c**3 + 41. Let k be (0 + 0)*5/(-10). Let j be d(k). Suppose -3*w - 14 + j = 0. List the prime factors of w.
3
Suppose 0*i - 16 = -8*i. Suppose -5*b - 5*j + i*j = -448, -5*j = -5*b + 480. What are the prime factors of b?
2, 23
Let v be (4/(-12))/((-3)/(-9)). Let i be v*(-40)/(8 - 4). Suppose -i - 17 = -3*n. What are the prime factors of n?
3
What are the prime factors of (-61 + 324)*22/2?
11, 263
Suppose 3*v = 6*v - 9. Suppose v*o - 24 = -3*n, n = 3*n + o - 16. Let t = n + 1. List the prime factors of t.
3
Let b(y) be the first derivative of y**3/3 + 5*y**2/2 + 2*y - 10. Let q be (0 + 2/(-2))*6. List the prime factors of b(q).
2
Let i be 2 + 2 + 3 + -1. Suppose 4*a = -w + i*a + 33, -2*w = 4*a - 42. List the prime factors of w.
3
Suppose -23*r + 27*r - 4*l = 12308, l + 15397 = 5*r. List the prime factors of r.
2, 5, 7, 11
Suppose 3*n = -12, -2*l = 2*n - 2 - 2. Suppose 2*j + 2*w = 32, 9 = -l*w + 3*w. List the prime factors of j.
19
Let b be 1840/18 + (-2)/9. Suppose -2*l = -5*l + b. Suppose -v - 11 = -l. What are the prime factors of v?
23
Suppose -792 = 5*w - 6*w. What are the prime factors of w?
2, 3, 11
Let b(z) = -15*z - 14. Let f be b(-2). Let t = f + 4. What are the prime factors of t?
2, 5
Let l(f) = -2*f**3 + f**2 + 3*f + 1. Let a(x) = x**3 - 2*x. Let s(i) = -3*a(i) - 2*l(i). List the prime factors of s(3).
7
Let t(z) = 2*z**3 + 2*z**2 - 2*z + 13. List the prime factors of t(5).
3, 101
Let x be ((-296)/(-4))/((-3 + 2)*1). What are the prime factors of 1/(2/4) - x*1?
2, 19
Let s(r) = r**3 - 8*r**2 - 35*r + 27. What are the prime factors of s(15)?
3, 359
Let r(s) = -s**3 + 12*s**2 - s + 15. Let w be r(12). Suppose 0 = -w*u + 66 + 24. Suppose 8*t - u = 5*t. List the prime factors of t.
2, 5
Suppose 0 = 5*a - 2 - 28. Suppose c = a - 3. What are the prime factors of c?
3
Let i = -23 + 23. Let b be i - (2 - 2) - -2. What are the prime factors of ((-29)/2 + b)*-2?
5
Suppose 6*h = 4*h + 4*p + 4202, -2*p = 5*h - 10493. List the prime factors of h.
2099
List the prime factors of (-5 - 58/6)*(-186)/4.
2, 11, 31
Let m be (-780)/14 - 8/28. What are the prime factors of ((-1575)/(-252))/((-58)/m - 1)?
5, 7
Suppose 4*r = 5*n + 11018 + 12766, 29685 = 5*r + 5*n. List the prime factors of r.
13, 457
Let u(f) = 658*f**2 + 7*f - 9. What are the prime factors of u(1)?
2, 41
Let c be 4/(-3 + (-17)/(-5)). Let g = 8 + 2. Let r = g + c. What are the prime factors of r?
2, 5
Let s(f) = f - 33. Let o be s(15). Let r = 18 + o. Suppose -q - 4*j - 6 = -45, r = -5*q + 3*j + 126. List the prime factors of q.
3
List the prime factors of 24/(-168) - (14155/(-7) + 2).
2, 5, 101
Let u be (2/4)/((10/(-8))/(-5)). Suppose 2*d + 3*f = 161, -3*f - 279 = -d - u*d. List the prime factors of d.
2, 11
Let a(d) = -2*d**2 - 2*d + 3. Let t be a(0). Suppose -282 = -t*o + 114. List the prime factors of o.
2, 3, 11
Let b = 1207 - 1148. Let d = -210 - -425. Suppose 3*l + b - d = 0. List the prime factors of l.
2, 13
Let u(q) = -3*q - 1. Let m be u(-2). Suppose -c = -m*c + 380. List the prime factors of c.
5, 19
Let j = -674 - -1245. What are the prime factors of j?
571
List the prime factors of ((-603)/(-90)*-4)/((-2)/20).
2, 67
Let t(g) = g**3 - 5*g**2 + 4*g - 8. Let l be t(4). What are the prime factors of (-6)/l - 602/(-8)?
2, 19
List the prime factors of (-17 - -519)*(1 - 15/(-6)).
7, 251
Let q(h) = h**3 - 5*h**2 - 7. Let a be q(5). Let c(x) = x**2 + 5*x - 3. Let w be c(a). Let t = 29 - w. List the prime factors of t.
2, 3
Let a = -72 - -27. List the prime factors of 5/(a/(-78)) - 6/9.
2
Let p(c) = -2*c**2 + c + 40. Let d(x) = -5*x**2 + 3*x + 79. Let l(z) = -3*d(z) + 7*p(z). List the prime factors of l(0).
43
Suppose 286 = -3*m - 98. Let b = m - -214. Suppose -2*f + 321 - b = 5*x, 3*f + 188 = 4*x. List the prime factors of x.
47
Let g(o) = -2*o**3 - 11*o**2 - 18*o - 9. What are the prime factors of g(-7)?
2, 3, 11
Let f be ((-124)/(-12))/((-2)/18*-3). Suppose -s - f = -3*c - 157, 0 = 5*s - 4*c - 586. List the prime factors of s.
2, 3, 19
Let y(g) = 7*g - 27. Let p be y(7). List the prime factors of p*((-5)/(-6) - (-18)/(-54)).
11
Suppose 0 = -y + 2*x + 723, 5*x = -3*y + 177 + 2025. What are the prime factors of y?
3
Suppose 3*n + 5*d = -3, 5*d - 1 = n + 2*d. List the prime factors of ((-885)/30)/(n/2).
59
Suppose -4*u - 1 - 1 = r, -10 = 5*r + 4*u. Let a = r + 53. What are the prime factors of a?
3, 17
Suppose 3*b + 0*b = -4*v + 15056, 3*v = -2*b + 11291. What are the prime factors of v?
3761
Suppose 76*k = 80*k - 3608. Suppose 2*m + m = -2*l + k, -3*m - 4*l + 904 = 0. List the prime factors of m.
2, 3, 5
Suppose 2298 = 5*c + 4*h, 0 = -c - 0*c - 2*h + 462. List the prime factors of c.
2, 229
Suppose -14 = -2*m - 4*x, 4*m - 2*m - 2*x - 8 = 0. Suppose 0 = f + 1, m*o + 16 - 407 = -4*f. What are the prime factors of o?
79
Let w = -3 - 50. Let i = w + 93. What are the prime factors of i?
2, 5
Let q = 16 - 31. Let n = q + 81. List the prime factors of n.
2, 3, 11
Let m(s) = 3*s**3 + 5*s**2 - 5*s + 2. Let c be m(3). Let j = -17 + c. What are the prime factors of j?
2, 3
Suppose -2*p + 6 = 2. Let g(z) = 2*z**2 - 30*z + 2. Let x be g(15). List the prime factors of (0 + 25/p)*x.
5
Let n(a) = a**3 + 12*a**2 - 5*a - 16. 